{"id":1831,"date":"2025-06-06T09:17:37","date_gmt":"2025-06-06T07:17:37","guid":{"rendered":"https:\/\/pisa.wordcamp.org\/2025\/?page_id=1831"},"modified":"2026-03-26T20:48:21","modified_gmt":"2026-03-26T19:48:21","slug":"call-for-sponsors","status":"publish","type":"page","link":"https:\/\/pisa.wordcamp.org\/2025\/call-for-sponsors\/","title":{"rendered":"Vuoi essere nostro sponsor?"},"content":{"rendered":"\n<div class=\"wp-block-cover alignfull is-light\" style=\"padding-top:var(--wp--preset--spacing--80);padding-right:var(--wp--preset--spacing--50);padding-bottom:var(--wp--preset--spacing--80);padding-left:var(--wp--preset--spacing--50)\"><img data-recalc-dims=\"1\" loading=\"lazy\" decoding=\"async\" width=\"1024\" height=\"683\" class=\"wp-block-cover__image-background wp-image-1314 size-large\" alt=\"Torre di Pisa\" src=\"https:\/\/i0.wp.com\/pisa.wordcamp.org\/2025\/files\/2025\/05\/Torre-di-Pisa.jpg?resize=1024%2C683&#038;ssl=1\" style=\"object-position:21% 50%\" data-object-fit=\"cover\" data-object-position=\"21% 50%\" srcset=\"https:\/\/i0.wp.com\/pisa.wordcamp.org\/2025\/files\/2025\/05\/Torre-di-Pisa.jpg?resize=1024%2C683&amp;ssl=1 1024w, https:\/\/i0.wp.com\/pisa.wordcamp.org\/2025\/files\/2025\/05\/Torre-di-Pisa.jpg?resize=300%2C200&amp;ssl=1 300w, https:\/\/i0.wp.com\/pisa.wordcamp.org\/2025\/files\/2025\/05\/Torre-di-Pisa.jpg?resize=768%2C512&amp;ssl=1 768w, https:\/\/i0.wp.com\/pisa.wordcamp.org\/2025\/files\/2025\/05\/Torre-di-Pisa.jpg?resize=450%2C300&amp;ssl=1 450w, https:\/\/i0.wp.com\/pisa.wordcamp.org\/2025\/files\/2025\/05\/Torre-di-Pisa.jpg?resize=1536%2C1024&amp;ssl=1 1536w, https:\/\/i0.wp.com\/pisa.wordcamp.org\/2025\/files\/2025\/05\/Torre-di-Pisa.jpg?resize=2048%2C1365&amp;ssl=1 2048w\" sizes=\"auto, (max-width: 1024px) 100vw, 1024px\" \/><span aria-hidden=\"true\" class=\"wp-block-cover__background has-accent-5-background-color has-background-dim-90 has-background-dim\"><\/span><div class=\"wp-block-cover__inner-container has-global-padding is-layout-constrained wp-container-core-cover-is-layout-16ed407f wp-block-cover-is-layout-constrained\">\n<div class=\"wp-block-group is-layout-flow wp-block-group-is-layout-flow\">\n<div class=\"wp-block-columns alignwide is-layout-flex wp-container-core-columns-is-layout-f911b2ec wp-block-columns-is-layout-flex\">\n<div class=\"wp-block-column is-vertically-aligned-center is-layout-flow wp-block-column-is-layout-flow\" style=\"flex-basis:55%\">\n<div class=\"wp-block-group is-vertical is-content-justification-left is-nowrap is-layout-flex wp-container-core-group-is-layout-e6e33fe6 wp-block-group-is-layout-flex\" style=\"min-height:100%\">\n<div class=\"wp-block-group has-global-padding is-layout-constrained wp-container-core-group-is-layout-f789337c wp-block-group-is-layout-constrained\">\n<h2 class=\"wp-block-heading has-contrast-color has-text-color has-link-color has-xx-large-font-size wp-elements-08758768ec9c6b2a0de8bf28a0b904f4\">Vuoi essere nostro sponsor?<\/h2>\n\n\n\n<div class=\"wp-block-buttons is-layout-flex wp-block-buttons-is-layout-flex\">\n<div class=\"wp-block-button is-style-fill\"><a class=\"wp-block-button__link wp-element-button\" href=\"#sponsorhip-submission\">Candidati ora<\/a><\/div>\n<\/div>\n<\/div>\n<\/div>\n<\/div>\n\n\n\n<div class=\"wp-block-column is-vertically-aligned-top is-layout-flow wp-block-column-is-layout-flow\" style=\"flex-basis:45%\">\n<figure class=\"wp-block-image aligncenter size-full\"><img data-recalc-dims=\"1\" loading=\"lazy\" decoding=\"async\" width=\"348\" height=\"445\" src=\"https:\/\/i0.wp.com\/pisa.wordcamp.org\/2025\/files\/2025\/06\/sponsor_logo-1.png?resize=348%2C445&#038;ssl=1\" alt=\"\" class=\"wp-image-1871\" srcset=\"https:\/\/i0.wp.com\/pisa.wordcamp.org\/2025\/files\/2025\/06\/sponsor_logo-1.png?w=348&amp;ssl=1 348w, https:\/\/i0.wp.com\/pisa.wordcamp.org\/2025\/files\/2025\/06\/sponsor_logo-1.png?resize=235%2C300&amp;ssl=1 235w\" sizes=\"auto, (max-width: 348px) 100vw, 348px\" \/><\/figure>\n<\/div>\n<\/div>\n<\/div>\n<\/div><\/div>\n\n\n\n<div class=\"wp-block-group has-global-padding is-layout-constrained wp-block-group-is-layout-constrained\">\n<p class=\"has-border-color has-accent-1-border-color has-base-color has-accent-1-background-color has-text-color has-background has-link-color has-large-font-size wp-elements-f103c486b0baa07fc87ff33d07c0897e wp-block-paragraph\" style=\"border-top-left-radius:30px;border-top-right-radius:30px;border-bottom-left-radius:30px;border-bottom-right-radius:30px\"><strong>La Call for sponsors \u00e8 chiusa per i livelli Gold, Silver e Bronze. Ma sei vuoi ancora supportarci, puoi comprare un biglietto\u00a0<a href=\"https:\/\/pisa.wordcamp.org\/2025\/tickets\/\" data-type=\"page\" data-id=\"13\">Copper<\/a>!<\/strong><\/p>\n\n\n\n<p class=\"wp-block-paragraph\">Il primo WordCamp Pisa \u00e8 finalmente una realt\u00e0!<\/p>\n\n\n\n<p class=\"wp-block-paragraph\">Noi non vediamo l&#8217;ora.<strong> E tu, ci sosterrai?<\/strong><\/p>\n\n\n\n<p class=\"wp-block-paragraph\">Sponsorizzare <strong>WordCamp Pisa<\/strong> \u00e8 un ottimo modo per supportare la community locale di WordPress. L\u2019intero evento si svolge nell\u2019arco di due giorni.<\/p>\n\n\n\n<ul class=\"wp-block-list\">\n<li>Venerd\u00ec 21 novembre 2025 \u2013 <strong>Contributor Day<\/strong> \u2013 Giornata di collaborazione sul progetto Open Source WordPress<\/li>\n\n\n\n<li>Sabato 22 novembre 2025 \u2013 <strong>WordCamp<\/strong> \u2013 Conferenza di una giornata con interventi di professionisti e appassionati<\/li>\n<\/ul>\n\n\n\n<blockquote class=\"wp-block-quote is-layout-flow wp-block-quote-is-layout-flow\">\n<p class=\"wp-block-paragraph\"><em>Sponsorizzando l\u2019evento di sabato 22 novembre 2025 tu e la tua azienda avrete l\u2019opportunit\u00e0 di farvi conoscere e incontrare oltre 200 <em>persone <\/em>fra WordPress lover, aziende e freelance del settore! <\/em><\/p>\n<\/blockquote>\n\n\n\n<p class=\"wp-block-paragraph\">Non esitare e sostieni il WordCamp Pisa nella sua prima edizione per renderlo memorabile!<\/p>\n\n\n\n<h2 class=\"wp-block-heading\">Livelli di sponsorizzazione<\/h2>\n\n\n\n<p class=\"wp-block-paragraph\">Abbiamo pensato a 4 livelli di sponsorizzazione, adatti a tutte le dimensioni aziendali. Ogni livello ha benefici diversi, <strong>ma per noi ogni sponsor \u00e8 grande<\/strong>! <br>Guarda i livelli e scegli quello che fa per te!<\/p>\n\n\n\n<h3 class=\"wp-block-heading\">Schema riassuntivo<\/h3>\n\n\n\n<figure class=\"wp-block-table is-style-stripes wcit-sponsrhip-levels-table\"><table class=\"has-contrast-color has-base-background-color has-text-color has-background\"><thead><tr><th class=\"has-text-align-left\" data-align=\"left\">Livello\/<br>Benefit<\/th><th class=\"has-text-align-center\" data-align=\"center\">Copper<\/th><th class=\"has-text-align-center\" data-align=\"center\">Bronze<br>(esaurito)<\/th><th class=\"has-text-align-center\" data-align=\"center\">Silver<br>(esaurito)<\/th><th class=\"has-text-align-center\" data-align=\"center\">Gold<br>(esaurito)<\/th><\/tr><\/thead><tbody><tr><td class=\"has-text-align-left\" data-align=\"left\"><strong>Prezzo<\/strong><\/td><td class=\"has-text-align-center\" data-align=\"center\"><strong>70 \u20ac<\/strong><\/td><td class=\"has-text-align-center\" data-align=\"center\"><strong>500 \u20ac<\/strong><\/td><td class=\"has-text-align-center\" data-align=\"center\"><strong>1300 \u20ac<\/strong><\/td><td class=\"has-text-align-center\" data-align=\"center\"><strong>2000 \u20ac<\/strong><\/td><\/tr><tr><td class=\"has-text-align-left\" data-align=\"left\">Logo nella pagina Sponsor<\/td><td class=\"has-text-align-center\" data-align=\"center\">Avatar*<\/td><td class=\"has-text-align-center\" data-align=\"center\">Logo piccolo<\/td><td class=\"has-text-align-center\" data-align=\"center\">Logo medio<\/td><td class=\"has-text-align-center\" data-align=\"center\">Logo grande<\/td><\/tr><tr><td class=\"has-text-align-left\" data-align=\"left\">Logo nei materiali stampati<\/td><td class=\"has-text-align-center\" data-align=\"center\"><strong>x<\/strong><\/td><td class=\"has-text-align-center\" data-align=\"center\"><strong>x<\/strong><\/td><td class=\"has-text-align-center\" data-align=\"center\"><strong>\u2713<\/strong><\/td><td class=\"has-text-align-center\" data-align=\"center\"><strong>\u2713<\/strong><\/td><\/tr><tr><td class=\"has-text-align-left\" data-align=\"left\">Logo nelle slide di apertura e chusura<\/td><td class=\"has-text-align-center\" data-align=\"center\"><strong>\u2713<\/strong><\/td><td class=\"has-text-align-center\" data-align=\"center\"><strong>\u2713<\/strong><\/td><td class=\"has-text-align-center\" data-align=\"center\"><strong>\u2713<\/strong><\/td><td class=\"has-text-align-center\" data-align=\"center\"><strong>\u2713<\/strong><\/td><\/tr><tr><td class=\"has-text-align-left\" data-align=\"left\">Articolo dedicato sul sito<\/td><td class=\"has-text-align-center\" data-align=\"center\">Di gruppo<\/td><td class=\"has-text-align-center\" data-align=\"center\">Di gruppo<\/td><td class=\"has-text-align-center\" data-align=\"center\">Singolo<\/td><td class=\"has-text-align-center\" data-align=\"center\">Singolo<\/td><\/tr><tr><td class=\"has-text-align-left\" data-align=\"left\">Pagina personale sul sito<\/td><td class=\"has-text-align-center\" data-align=\"center\"><strong><strong>x<\/strong><\/strong><\/td><td class=\"has-text-align-center\" data-align=\"center\"><strong>\u2713<\/strong><br><em>testo breve<\/em><\/td><td class=\"has-text-align-center\" data-align=\"center\"><strong><strong><strong><strong><strong>\u2713<\/strong><\/strong><\/strong><\/strong><\/strong><br><em>testo medio<\/em><\/td><td class=\"has-text-align-center\" data-align=\"center\"><strong><strong>\u2713<\/strong><\/strong><br><em>testo lungo con video<\/em><\/td><\/tr><tr><td class=\"has-text-align-left\" data-align=\"left\">Biglietti compresi<\/td><td class=\"has-text-align-center\" data-align=\"center\">1<\/td><td class=\"has-text-align-center\" data-align=\"center\">2<\/td><td class=\"has-text-align-center\" data-align=\"center\">3<\/td><td class=\"has-text-align-center\" data-align=\"center\">4<\/td><\/tr><tr><td class=\"has-text-align-left\" data-align=\"left\">Inviti evento speaker\/sponsor<\/td><td class=\"has-text-align-center\" data-align=\"center\">1<\/td><td class=\"has-text-align-center\" data-align=\"center\">2<\/td><td class=\"has-text-align-center\" data-align=\"center\">3<\/td><td class=\"has-text-align-center\" data-align=\"center\">4<\/td><\/tr><tr><td class=\"has-text-align-left\" data-align=\"left\">Tavolo dedicato area sponsor<\/td><td class=\"has-text-align-center\" data-align=\"center\"><strong><strong>x<\/strong><\/strong><\/td><td class=\"has-text-align-center\" data-align=\"center\"><strong><strong>x<\/strong><\/strong><\/td><td class=\"has-text-align-center\" data-align=\"center\">piccolo<\/td><td class=\"has-text-align-center\" data-align=\"center\">grande <\/td><\/tr><tr><td class=\"has-text-align-left\" data-align=\"left\">Tavolo condiviso area sponsor<\/td><td class=\"has-text-align-center\" data-align=\"center\"><strong><strong>x<\/strong><\/strong><\/td><td class=\"has-text-align-center\" data-align=\"center\"><strong><strong>\u2713<\/strong><\/strong><\/td><td class=\"has-text-align-center\" data-align=\"center\"><strong><strong>x<\/strong><\/strong><\/td><td class=\"has-text-align-center\" data-align=\"center\"><strong><strong><strong><strong>x<\/strong><\/strong><\/strong><\/strong><\/td><\/tr><tr><td class=\"has-text-align-left\" data-align=\"left\">Video nella pagina sponsor<\/td><td class=\"has-text-align-center\" data-align=\"center\"><strong><strong><strong><strong>x<\/strong><\/strong><\/strong><\/strong><\/td><td class=\"has-text-align-center\" data-align=\"center\"><strong><strong><strong><strong>x<\/strong><\/strong><\/strong><\/strong><\/td><td class=\"has-text-align-center\" data-align=\"center\"><strong><strong><strong><strong>x<\/strong><\/strong><\/strong><\/strong><\/td><td class=\"has-text-align-center\" data-align=\"center\"><strong>\u2713<\/strong><\/td><\/tr><tr><td class=\"has-text-align-left\" data-align=\"left\">Roll-up sale evento<\/td><td class=\"has-text-align-center\" data-align=\"center\"><strong><strong><strong><strong>x<\/strong><\/strong><\/strong><\/strong><\/td><td class=\"has-text-align-center\" data-align=\"center\"><strong><strong>x<\/strong><\/strong><\/td><td class=\"has-text-align-center\" data-align=\"center\"><strong><strong>x<\/strong><\/strong><\/td><td class=\"has-text-align-center\" data-align=\"center\">1<\/td><\/tr><tr><td class=\"has-text-align-left\" data-align=\"left\">Post sui social <br><em>(Facebook, Instagram)<\/em><\/td><td class=\"has-text-align-center\" data-align=\"center\">1 di gruppo per ogni social durante l&#8217;evento<\/td><td class=\"has-text-align-center\" data-align=\"center\">1 di gruppo per ogni social prima dell&#8217;evento<\/td><td class=\"has-text-align-center\" data-align=\"center\">1 individuale per ogni social prima dell&#8217;evento<\/td><td class=\"has-text-align-center\" data-align=\"center\">2 individuali per ogni social prima dell&#8217;evento<\/td><\/tr><\/tbody><\/table><\/figure>\n\n\n\n<div class=\"wp-block-buttons is-content-justification-center is-layout-flex wp-container-core-buttons-is-layout-35f06ea7 wp-block-buttons-is-layout-flex\">\n<div class=\"wp-block-button is-style-outline wcit-cta-button is-style-outline--1\"><a class=\"wp-block-button__link wp-element-button\" href=\"#sponsorhip-submission\">Invia la tua richiesta di sponsorship ora<\/a><\/div>\n<\/div>\n\n\n\n<h3 class=\"wp-block-heading\">Livello Gold (esaurito) &#8211; \u20ac 2.000<\/h3>\n\n\n\n<ul class=\"wp-block-list\">\n<li><strong>Logo grande&nbsp;<\/strong>sulla pagina del sito dedicata a tutti gli sponsor, nei materiali stampati e nella slide di apertura e chiusura.<\/li>\n\n\n\n<li><strong>Articolo<\/strong> di ringraziamento personale nel blog del sito di WordCamp Pisa<\/li>\n\n\n\n<li><strong>Pagina sponsor dedicata sul sito<\/strong>&nbsp;del WordCamp Pisa con testo lungo (5-7 paragrafi) e <strong>video<\/strong> di presentazione.<\/li>\n\n\n\n<li><strong>Biglietti<\/strong> di accesso al giorno della conferenza: 4<\/li>\n\n\n\n<li><strong>Inviti all&#8217;evento serale speaker\/sponsor<\/strong> pre conferenza (21 novembre 2025): 4<\/li>\n\n\n\n<li><strong>Tavolo\/spazio area sponsor<\/strong>: individuale, dimensione 75&#215;178 cm, in dotazione. Con possibilit\u00e0 di portare una propria struttura e personalizzare lo spazio<\/li>\n\n\n\n<li><strong>Roll-up<\/strong>: possibilit\u00e0 di avere 1 roll-up in una delle sale dove si terr\u00e0 la conferenza.<\/li>\n\n\n\n<li><strong>2 Passaggi&nbsp;individuali per ogni social&nbsp;<\/strong>(Facebook, Instagram) sugli account del WordCamp Pisa,<strong>&nbsp;<\/strong>distribuiti prima dell\u2019evento.<\/li>\n<\/ul>\n\n\n\n<h3 class=\"wp-block-heading\">Livello Silver (esaurito) &#8211; \u20ac 1.300<\/h3>\n\n\n\n<ul class=\"wp-block-list\">\n<li><strong>Logo medio&nbsp;<\/strong>sulla pagina del sito dedicata a tutti gli sponsor, nei materiali stampati e nella slide di apertura e chiusura.<\/li>\n\n\n\n<li><strong>Articolo<\/strong> di ringraziamento personale nel blog del sito del WordCamp Pisa<\/li>\n\n\n\n<li><strong>Pagina sponsor dedicata sul sito<\/strong>&nbsp;del WordCamp Pisa con testo di media lunghezza (3-4 paragrafi).<\/li>\n\n\n\n<li><strong>Biglietti<\/strong> di accesso al giorno della conferenza: 3<\/li>\n\n\n\n<li><strong>Inviti all&#8217;evento serale speaker\/sponsor<\/strong> pre conferenza (21 novembre 2025): 3<\/li>\n\n\n\n<li><strong>Tavolo\/spazio area sponsor<\/strong>: individuale, piccolo 83&#215;83 cm, in dotazione. Con possibilit\u00e0 di portare un roll up da posizionare dietro o a fianco.<\/li>\n\n\n\n<li><strong>1 Passaggio&nbsp;individuale per ogni social&nbsp;<\/strong>(Facebook, Instagram) sugli account del WordCamp Pisa, prima dell\u2019evento.<\/li>\n<\/ul>\n\n\n\n<h3 class=\"wp-block-heading\">Livello Bronze (esaurito) &#8211; \u20ac 500<\/h3>\n\n\n\n<ul class=\"wp-block-list\">\n<li><strong>Logo piccolo&nbsp;<\/strong>sulla pagina del sito dedicata a tutti gli sponsor e nelle slide di apertura e chiusura..<\/li>\n\n\n\n<li><strong>Articolo<\/strong> di ringraziamento di gruppo nel blog del sito del WordCamp Pisa<\/li>\n\n\n\n<li><strong>Pagina sponsor dedicata sul sito<\/strong>&nbsp;del WordCamp Pisa con testo di breve lunghezza (1-2 paragrafi).<\/li>\n\n\n\n<li><strong>Biglietti<\/strong> di accesso al giorno della conferenza: 2<\/li>\n\n\n\n<li><strong>Inviti all&#8217;evento speaker\/sponsor<\/strong> pre conferenza (21 novembre 2025): 2<\/li>\n\n\n\n<li><strong>Tavolo\/spazio area sponsor<\/strong>: condiviso con altri sponsor e presidiato dai volontari del WordCamp<\/li>\n\n\n\n<li><strong>1 Passaggio&nbsp;di gruppo per ogni social&nbsp;<\/strong>(Facebook, Instagram) sugli account del WordCamp Pisa, prima dell\u2019evento.<\/li>\n<\/ul>\n\n\n\n<h3 class=\"wp-block-heading\">Livello Copper (nessun limite) &#8211; \u20ac 70<\/h3>\n\n\n\n<ul class=\"wp-block-list\">\n<li><strong>Logo stile avatar&nbsp;<\/strong>sulla pagina del sito dedicata a tutti gli sponsor e nelle slide di apertura e chiusura.<\/li>\n\n\n\n<li><strong>Articolo<\/strong> di ringraziamento di gruppo nel blog del sito del WordCamp Pisa<\/li>\n\n\n\n<li><strong>Biglietti<\/strong> di accesso al giorno della conferenza: 1<\/li>\n\n\n\n<li><strong>Inviti all&#8217;evento serale speaker\/sponsor<\/strong> pre conferenza (21 novembre 2025): 1<\/li>\n\n\n\n<li><strong>1 Passaggio&nbsp;di gruppo per ogni social&nbsp;<\/strong>(Facebook, Instagram) sugli account del WordCamp Pisa, durante l\u2019evento.<\/li>\n<\/ul>\n\n\n\n<div class=\"wp-block-buttons is-content-justification-center is-layout-flex wp-container-core-buttons-is-layout-35f06ea7 wp-block-buttons-is-layout-flex\">\n<div class=\"wp-block-button is-style-outline wcit-cta-button is-style-outline--2\" id=\"copper\"><a class=\"wp-block-button__link wp-element-button\" href=\"https:\/\/pisa.wordcamp.org\/2025\/tickets\/\">Compra il tuo biglietto <strong>Copper<\/strong> ora<\/a><\/div>\n<\/div>\n\n\n\n<h2 class=\"wp-block-heading\">Informazioni aggiuntive<\/h2>\n\n\n\n<ul class=\"wp-block-list\">\n<li>Le fatture relative alla sponsorizzazione verranno emesse direttamente dall\u2019ente americano che si occupa della gestione dei WordCamp. La fattura sar\u00e0 quindi senza IVA.<\/li>\n\n\n\n<li>Il pagamento dovr\u00e0 essere fatto tramite bonifico oppure tramite PayPal: in questo caso \u00e8 gradito, ma non obbligatorio, il pagamento di una quota aggiuntiva a copertura delle spese del 3%.<\/li>\n\n\n\n<li>A tutti gli sponsor viene richiesto di firmare un agreement che verr\u00e0 inviato via email al ricevimento della candidatura.<\/li>\n<\/ul>\n\n\n\n<h2 class=\"wp-block-heading\" id=\"sponsorhip-submission\">Manda la tua richiesta di sponsorizzazione compilando il modulo qui sotto<\/h2>\n\n\n\n<p class=\"has-border-color has-accent-1-border-color has-base-color has-accent-1-background-color has-text-color has-background has-link-color has-large-font-size wp-elements-fdaa04abce9d381cbeafa6d76183a618 wp-block-paragraph\" style=\"border-top-left-radius:30px;border-top-right-radius:30px;border-bottom-left-radius:30px;border-bottom-right-radius:30px\"><strong>La Call for sponsors \u00e8 chiusa per i livelli Gold, Silver e Bronze. Ma sei vuoi ancora supportarci, puoi comprare un biglietto&nbsp;<a href=\"https:\/\/pisa.wordcamp.org\/2025\/tickets\/\" data-type=\"page\" data-id=\"13\">Copper<\/a>!<\/strong><\/p>\n<\/div>\n\n\n\n<p class=\"wp-block-paragraph\"><\/p>\n","protected":false},"excerpt":{"rendered":"<p>La Call for sponsors \u00e8 chiusa per i livelli Gold, Silver e Bronze. Ma sei vuoi ancora supportarci, puoi comprare un biglietto\u00a0Copper! Il primo WordCamp Pisa \u00e8 finalmente una realt\u00e0! Noi non vediamo l&#8217;ora. E tu, ci sosterrai? Sponsorizzare WordCamp Pisa \u00e8 un ottimo modo per supportare la community locale di WordPress. L\u2019intero evento si [&hellip;]<\/p>\n","protected":false},"author":287655,"featured_media":0,"parent":0,"menu_order":0,"comment_status":"closed","ping_status":"closed","template":"page-no-title","meta":{"_crdt_document":"","advanced_seo_description":"","jetpack_seo_html_title":"","jetpack_seo_noindex":false,"footnotes":""},"class_list":["post-1831","page","type-page","status-publish","hentry"],"jetpack_sharing_enabled":true,"_links":{"self":[{"href":"https:\/\/pisa.wordcamp.org\/2025\/wp-json\/wp\/v2\/pages\/1831","targetHints":{"allow":["GET"]}}],"collection":[{"href":"https:\/\/pisa.wordcamp.org\/2025\/wp-json\/wp\/v2\/pages"}],"about":[{"href":"https:\/\/pisa.wordcamp.org\/2025\/wp-json\/wp\/v2\/types\/page"}],"author":[{"embeddable":true,"href":"https:\/\/pisa.wordcamp.org\/2025\/wp-json\/wp\/v2\/users\/287655"}],"replies":[{"embeddable":true,"href":"https:\/\/pisa.wordcamp.org\/2025\/wp-json\/wp\/v2\/comments?post=1831"}],"version-history":[{"count":25,"href":"https:\/\/pisa.wordcamp.org\/2025\/wp-json\/wp\/v2\/pages\/1831\/revisions"}],"predecessor-version":[{"id":3891,"href":"https:\/\/pisa.wordcamp.org\/2025\/wp-json\/wp\/v2\/pages\/1831\/revisions\/3891"}],"wp:attachment":[{"href":"https:\/\/pisa.wordcamp.org\/2025\/wp-json\/wp\/v2\/media?parent=1831"}],"curies":[{"name":"wp","href":"https:\/\/api.w.org\/{rel}","templated":true}]}}